- 12. Let r be k(-3). Suppose -r*y + 936 = 3*y. What is the highest common factor of y and 6?
6
Suppose -b = 5*l - 0*b - 129, 4*b = 3*l - 59. Let i = 7 - 2. Calculate the highest common factor of l and i.
5
Let f = 458 + -449. Calculate the greatest common divisor of 24 and f.
3
Let h(p) = 2*p**2 + p + 4. Let s be h(4). Suppose 0 = 2*u + 2*u + s. Let n = u + 24. What is the highest common factor of 84 and n?
14
Let x = 25 - -15. Let j = -5 - -10. Suppose 2*u + j = 3*u. What is the highest common factor of u and x?
5
Let k be 1404/10 - 4/10. Let n(f) = -8*f - 17. Let u be n(-10). Suppose 3*d + h - u = 0, 4*d - 4*h = -h + 71. Calculate the greatest common factor of k and d.
20
Suppose 569 = 4*h - y + 4*y, 551 = 4*h - 3*y. Calculate the greatest common divisor of h and 60.
20
Let o(p) = 13*p**2 - p + 3. Let b be o(2). Suppose -2*s + 4 + 30 = 0. Let w = b - s. What is the highest common factor of 90 and w?
18
Let p = -111 - -171. Calculate the highest common factor of 480 and p.
60
Let o be (0 + -7)/(7/3 - 2). Let i be (108/o + 0)*-7. Calculate the highest common factor of i and 180.
36
Let d(z) = 33*z - 194. Let p be d(10). What is the greatest common divisor of p and 102?
34
Suppose 18*q = 15*q - 174. Let l = -10 - q. Let m be (-82)/(-7) + 4/14. What is the highest common factor of m and l?
12
Let v(h) = 4*h**2 + 3*h + 3. Let n be v(-2). Let m(s) = 26*s - 1859. Let d be m(72). Calculate the highest common divisor of n and d.
13
Suppose 0 = y + 5*r - 25 - 10, 3*y - 3*r = 87. Calculate the greatest common divisor of 660 and y.
30
Let h(m) = -m**3 + 10*m**2 - 9*m - 6. Let y = -23 - -31. Let j be h(y). Calculate the greatest common divisor of 10 and j.
10
Suppose -2 = -3*q + 4*d, -3*d = q - 21 + 3. Let v = -2284 + 2290. Calculate the greatest common factor of v and q.
6
Let f(o) = -8*o + 45. Let h be f(5). Suppose -8 + 58 = h*z. Calculate the highest common factor of z and 4.
2
Suppose 0 = -2*f + 3*f - 40. Suppose -s = -6*s + f. Suppose i = 4*y + 36, 0 = -3*i - i + 3*y + 92. What is the greatest common factor of i and s?
4
Let n(b) = -37*b - 3. Let x be (-2)/(-4) - (-4)/(-16)*6. Let c be n(x). What is the highest common divisor of 51 and c?
17
Let a = -128 + 216. Let t be (20/(-25))/(4/(-550)*5). Calculate the greatest common divisor of a and t.
22
Let p = -463 - -469. Suppose -r + 4*z + 22 = 0, 0 = z + 3 + 1. What is the highest common factor of r and p?
6
Let n be (0 - 1)/((-2)/698). Let w = n - 245. Suppose -670*i - 26 = -672*i. Calculate the greatest common factor of w and i.
13
Let g = 2864 + -2677. What is the greatest common factor of 119 and g?
17
Let i be (4/(-10))/(11 + (-24096)/2190). What is the greatest common divisor of 73 and i?
73
Let h = 434 + -386. Calculate the highest common factor of h and 240.
48
Suppose 5*y - 56 = 44. Let q be 168/y - 6/15. Suppose 0*v = 2*s + 3*v - q, s = -v + 6. Calculate the highest common factor of s and 2.
2
Let f = -611 + 637. What is the highest common divisor of 39 and f?
13
Let g = 9 - 26. Let b = 21 + g. Suppose -2*u + 270 = 2*l, -u - b*l = -181 + 37. What is the highest common divisor of u and 22?
22
Let t be 1 - (-36 - (1 + -1)). Let v(k) = 295*k**3 - 2*k**2 + 10*k - 7. Let y be v(1). Calculate the highest common factor of t and y.
37
Suppose -f - 4*z + 17 = -7*z, 5*f - 41 = 4*z. Suppose 0 = o - f*o - 52. Let d = o + 55. What is the greatest common divisor of 21 and d?
21
Let b be (1 - -1)*(-9 + (-246)/(-12)). What is the greatest common divisor of b and 1196?
23
Let y = -1205 + 1214. What is the greatest common divisor of y and 51?
3
Let u = 28 - 24. Let b be -11*4*(-19)/u. What is the greatest common divisor of b and 19?
19
Let a be (2025/(-2))/(-25) - 1/2. Calculate the greatest common divisor of a and 620.
20
Let x(p) = -p**2 - 7*p + 11. Let m be x(-8). Suppose 46 = -m*a - 122. Let i = a - -144. What is the greatest common factor of 11 and i?
11
Let f be -92*(0 + (-3)/6). Suppose f*l - 44*l - 32 = 0. Calculate the greatest common factor of l and 48.
16
Suppose -2*f + 5*f = -18. Let j(p) = -5*p + 2. Let d be j(f). Let z = d + 24. Calculate the greatest common divisor of 7 and z.
7
Suppose -2*r - 3*r + 643 = -t, -3*t = -4*r + 521. Let h = r - 50. What is the highest common factor of 195 and h?
39
Let p be (-4)/(-14) + 1447/7. Let r(d) = d**2 - d + 13*d - 15 - 5*d + 10*d. Let q be r(-19). Calculate the highest common divisor of q and p.
23
Let v = -379 - -555. Let l(f) = -f**2 - f + 22. Let q be l(0). What is the highest common factor of v and q?
22
Let c(q) = -q**3 + 16*q**2 + q - 10. Let s = 41 + -31. Suppose 4*f - 54 = s. Let x be c(f). Calculate the highest common divisor of 42 and x.
6
Let a = 35 - 27. Let h = a + 2. Calculate the highest common factor of h and 50.
10
Let o be (-117)/26*1/6*-24. What is the highest common divisor of o and 186?
6
Let s be (-2)/(-3) - 5/(-9)*-3. Let h be 30/s*(-5 + 4). Calculate the highest common divisor of 6 and h.
6
Suppose -2*h = -4*h + 24. Let y be -5*(h/15 + -2). Let f = -468 - -516. Calculate the greatest common divisor of f and y.
6
Suppose -3*y = 3*d + 237, 2*d = -4*y - 44 - 120. Let v = d - -156. Calculate the highest common divisor of v and 32.
16
Let t(h) = -23*h - 7. Suppose -2*x + 4*o - 32 = 0, -3*x - 17 = -4*o + 29. Let i = x - -9. Let s be t(i). What is the greatest common factor of s and 12?
12
Let j = 1026 - 972. What is the highest common divisor of j and 2052?
54
Let i(k) = k**3 - 11*k**2 - 12*k - 10. Let w be i(12). Let c = w + 28. Calculate the highest common factor of 2 and c.
2
Let s be 68*-2*(-28)/56. Suppose -5*c + 16 - 35 = -p, -5*p = 2*c - s. What is the greatest common divisor of p and 28?
14
Suppose h - 6 = 3*f, 4*h - 2*f = 11 + 13. Calculate the highest common factor of h and 75.
3
Let t be 51/(-4)*(-32)/8 - 0. What is the highest common factor of 153 and t?
51
Suppose 3*t - 55 = -2*b + 4*t, -4*t = -5*b + 139. Let x be (6/(-10))/((-2)/30). Calculate the greatest common divisor of x and b.
9
Let r be 42/(-2)*(-2 - 10/7). Suppose -t + 5 = -r. What is the highest common factor of t and 11?
11
Let y(r) = 4*r - 5. Let s be y(5). Let c = 1301 - 1196. Calculate the greatest common factor of s and c.
15
Let f(m) = -m**3 + m**2 + 4*m + 4. Let q be f(-3). Let z(l) = 7*l**3 + 7*l**2 - 8*l - 4. Let j be z(3). What is the highest common divisor of q and j?
28
Let h = -42 - -144. Let l = 157 - 89. What is the greatest common divisor of l and h?
34
Let w(f) = -2*f**2 - 19*f - 18. Let q be w(-8). What is the highest common divisor of 3 and q?
3
Suppose 15 = 5*s, -9*s = -3*n - 4*s + 84. Calculate the greatest common divisor of n and 33.
33
Suppose -8 - 25 = -w. Suppose q + h - 8 = 0, 4*q - 7*h + 12*h = 37. What is the greatest common factor of w and q?
3
Suppose 0 = -4*o - 8, k + 4*o = -3*k + 4. Suppose 3*n + 2*g + 39 = 111, -k*g + 9 = 0. What is the highest common divisor of 176 and n?
22
Let p be 1245/120 - (25/(-40) + 1). What is the highest common divisor of p and 810?
10
Suppose 3*t + 3 = 5*s, -8*t = -9*t + s + 1. Calculate the highest common divisor of t and 628.
4
Suppose 0 = 11*n - 8*n - 504. Let r(g) = -2*g + 2. Let f be r(-13). Calculate the highest common factor of n and f.
28
Let h be 6/(-3) + -6 + 0. Let a = h + 13. Suppose 4*l = a*b - 1342, -3*b - 2*b + 1352 = l. What is the greatest common divisor of 30 and b?
30
Suppose -5*x + 4*s = -52, 5*s = -5*x - 10 + 35. Calculate the greatest common factor of 856 and x.
8
Let w = 29 - 26. Let b be -2 + 2 - (-123)/w. Let u = b + -17. What is the greatest common factor of 8 and u?
8
Suppose i - 15 = 3. Suppose 2*c - 3*d = 330, 322 = 4*c - 2*c + d. What is the highest common factor of c and i?
18
Suppose p - 5 = 0, -4*p + 19 = z - 2. Suppose 0*h + 4*h = -b - z, 4*h = -8. Calculate the greatest common divisor of b and 63.
7
Let c(m) = 30*m**2 + 5 + 11*m - 31*m**2 + 10. Let l be c(12). Calculate the highest common factor of 33 and l.
3
Suppose -3 = -2*g - 2*i + 3, -g = -i - 5. Let q be 3/g + (-89)/(-4). Calculate the greatest common factor of q and 184.
23
Let i = -126 - -191. What is the greatest common factor of 39 and i?
13
Let y be (344/(-12))/((-4)/6). Let t be 2/8 + (y/4 - 0). Calculate the greatest common factor of t and 55.
11
Let t be (-6 - -2) + (17 - -2). Let h be 5 + (13 + -2 - 1)